19. Calculate w(-11).
-12
Let j(l) = 65*l + 1759. Determine j(-27).
4
Let u(a) = -a**3 - 791*a**2 - 2385*a - 4. Calculate u(-3).
59
Let i(b) = -23*b + 1159. What is i(53)?
-60
Let l(o) = 83*o**2 + 34*o - 76. What is l(2)?
324
Let j(d) = -d**3 + 6*d**2 + 50*d - 219. Give j(6).
81
Let k(a) = -8*a**2 + 401*a + 400. Give k(-1).
-9
Let v(k) = 6*k**2 - 120*k - 674. What is v(24)?
-98
Let h(p) = -36*p + 1318. Give h(37).
-14
Let t(n) = -10*n**2 + 18*n + 13. Determine t(0).
13
Let x(k) = -k**3 - 10*k**2 + 7*k + 55. What is x(-10)?
-15
Let z(x) = x**2 - 11*x - 397. Determine z(26).
-7
Let z(s) = 1612*s + 4853. Give z(-3).
17
Let z(u) = 35*u + 1366. Give z(-40).
-34
Let d(l) = l**2 + 249*l - 1529. Calculate d(6).
1
Let j(o) = -61*o + 181. Give j(8).
-307
Let o(j) = 131*j + 1157. Determine o(-8).
109
Let l(n) = -n**2 - 48*n + 3523. Calculate l(40).
3
Let y(l) = 534*l - 23492. Determine y(44).
4
Let c(w) = 3*w**3 + 3*w**2 - 3*w - 5. Calculate c(2).
25
Let v(q) = -q**3 + 93*q**2 + 91*q + 313. Give v(94).
31
Let n(g) = -26*g + 460. Determine n(13).
122
Let v(m) = 2*m**2 + 5*m + 13. What is v(-5)?
38
Let y(w) = -1174*w - 8258. What is y(-7)?
-40
Let x(r) = -r**2 - 120*r + 591. Calculate x(5).
-34
Let j(w) = -w**3 + 19*w**2 - 338*w + 5171. Calculate j(17).
3
Let y(m) = -2*m**2 - 13*m + 123. Give y(6).
-27
Let j(u) = u**2 + 40*u - 392. Determine j(8).
-8
Let b(w) = w**3 + 10*w**2 - 28*w - 40. What is b(-12)?
8
Let y(f) = -f**2 + 55*f + 281. Give y(-5).
-19
Let x(o) = -4*o**2 - 128*o + 16. Calculate x(-28).
464
Let c(x) = x**3 - 14*x**2 - 50*x - 15. Give c(17).
2
Let g(s) = -6*s**3 - 121*s**2 - 18*s + 44. Calculate g(-20).
4
Let j(d) = 455*d - 2715. What is j(6)?
15
Let d(a) = -2*a**3 + 34*a**2 - 40*a + 121. Give d(16).
-7
Let a(r) = -35*r**2 - 245*r + 13. Calculate a(-7).
13
Let p(t) = -t**2 - 157*t - 3657. Determine p(-128).
55
Let n(a) = -2*a**2 - 29*a - 103. Give n(-10).
-13
Let z(r) = -4*r - 137. Give z(-6).
-113
Let f(b) = 37*b - 818. What is f(22)?
-4
Let m(u) = -7*u**3 + u**2 - 153*u + 153. What is m(1)?
-6
Let v(r) = 3*r**2 + 98*r + 73. Give v(-32).
9
Let g(i) = i**2 - 29*i - 834. Calculate g(51).
288
Let v(u) = -6*u**2 - 39*u - 17. Determine v(-4).
43
Let k(l) = 2*l**2 - 14*l + 8. Determine k(0).
8
Let n(h) = 3*h**2 + 34*h - 464. Determine n(8).
0
Let h(r) = r**3 - 7*r**2 - 2*r + 36. Give h(7).
22
Let u(f) = 9*f**3 - 7*f**2 - 46*f + 138. What is u(3)?
180
Let w(x) = 10*x**2 + 152*x - 137. Calculate w(-16).
-9
Let s(q) = 42347*q - 42338. What is s(1)?
9
Let n(t) = 2*t**3 - 45*t**2 + 254*t - 49. Calculate n(12).
-25
Let n(l) = -6*l**3 + 10*l**2 + 25*l - 43. Calculate n(2).
-1
Let c(p) = 10*p**2 - 4*p - 33. Determine c(5).
197
Let l(d) = 3*d**2 + 1505*d + 23297. What is l(-16)?
-15
Let p(u) = 2*u**3 - 8*u**2 + 41*u - 1. Give p(6).
389
Let p(c) = -2*c**2 + 223*c + 1698. What is p(119)?
-87
Let u(d) = -574*d - 1021. Calculate u(-2).
127
Let x(h) = 11*h**2 - 76*h + 112. Calculate x(6).
52
Let d(t) = -3*t**3 + 41*t**2 - 28*t + 593. Calculate d(14).
5
Let c(y) = y**3 + 17*y**2 - 40*y + 7. Give c(-19).
45
Let q(t) = -t**2 + 132*t - 3621. Determine q(95).
-106
Let s(g) = -g**3 + 8*g**2 - 21*g. Determine s(0).
0
Let w(u) = -181*u + 2530. Calculate w(14).
-4
Let i(t) = -24*t + 314. Determine i(13).
2
Let c(s) = s**3 + 5*s**2 - 12*s + 13. Calculate c(4).
109
Let n(d) = 508*d + 10664. What is n(-21)?
-4
Let r(y) = 2047*y - 32747. Give r(16).
5
Let s(p) = 16*p + 295. Calculate s(-26).
-121
Let g(f) = -f**3 + 25*f**2 + 8*f - 127. What is g(25)?
73
Let i(d) = d**2 - 491*d + 9434. Calculate i(20).
14
Let x(v) = -4*v**2 + 35*v - 47. What is x(9)?
-56
Let a(v) = 117*v - 2178. Determine a(18).
-72
Let x(b) = -19*b + 18. Give x(-9).
189
Let y(p) = p**2 + 17*p + 169. Calculate y(-11).
103
Let k(t) = -2*t**3 - 149*t**2 - 219*t - 14. What is k(-73)?
-14
Let l(z) = 2*z**2 + 266*z + 5403. Give l(-25).
3
Let s(i) = -i**2 - 33*i - 257. Give s(-19).
9
Let q(u) = -u**2 - 82*u - 1648. Determine q(-33).
-31
Let x(i) = -11*i**2 - 2*i + 26. Give x(5).
-259
Let m(c) = -3*c + 321. Determine m(13).
282
Let f(u) = -u**3 + 23*u + 20. Determine f(8).
-308
Let q(v) = -v**3 + 63*v**2 - 239*v + 34. Give q(59).
-143
Let w(h) = 4*h**2 + 125*h + 886. Determine w(-11).
-5
Let h(i) = -3*i**3 - 576*i**2 - 1140*i - 5. Give h(-190).
-5
Let i(q) = -118*q + 2. Give i(0).
2
Let d(c) = 2*c**2 + 82*c - 471. Give d(5).
-11
Let j(v) = v**3 - 3*v**2 - 6*v + 7. Give j(4).
-1
Let d(k) = 2*k**3 + 13*k**2 + 8*k - 115. What is d(-5)?
-80
Let n(q) = -7*q**2 - 197*q + 106. Calculate n(-29).
-68
Let y(j) = -173*j + 1. Give y(0).
1
Let q(h) = -27*h + 242. Give q(9).
-1
Let w(d) = 10*d**2 + 23*d + 13. What is w(-1)?
0
Let v(f) = 2*f**3 - 7*f**2 - 29*f - 11. Calculate v(5).
-81
Let n(o) = -2*o**3 + 4*o**2 + 2*o + 5. What is n(-4)?
189
Let g(d) = -19195*d + 115171. Determine g(6).
1
Let d(b) = -b**3 - 59*b**2 + 141*b + 1173. What is d(-61)?
14
Let j(i) = 607*i + 7866. Give j(-13).
-25
Let w(u) = u**3 + 39*u**2 + 1054*u + 41110. What is w(-39)?
4
Let o(k) = -13*k**2 - 64*k - 2. Calculate o(-8).
-322
Let a(t) = 1417*t + 11331. Determine a(-8).
-5
Let u(x) = -5*x**2 + 87*x - 20. Determine u(17).
14
Let b(h) = -2*h**2 - 1496*h - 16220. Determine b(-11).
-6
Let f(q) = 4*q**2 - 11*q + 47. Calculate f(5).
92
Let h(v) = 2*v**2 + 38*v + 151. Give h(-4).
31
Let p(m) = -2*m**2 + 16*m + 141. Give p(24).
-627
Let p(u) = 2*u**3 - 15*u**2 - 28*u + 271. Give p(9).
262
Let c(u) = -u**3 - 69*u**2 - 489*u - 63. Determine c(-61).
-2
Let f(j) = -j**2 - 114*j - 21. What is f(0)?
-21
Let u(w) = w**3 - 12*w**2 + 31*w + 9. Calculate u(6).
-21
Let f(m) = m**3 + 11*m**2 - 6*m + 82. What is f(-12)?
10
Let j(q) = -100*q - 4. Calculate j(2).
-204
Let k(s) = s**2 - 39*s - 171. What is k(-5)?
49
Let s(w) = -3*w**2 + 14*w + 246. Calculate s(-12).
-354
Let r(c) = -110*c + 3085. Calculate r(28).
5
Let x(d) = -5*d - 90. What is x(-17)?
-5
Let p(t) = 2*t**2 + 27*t + 48. Give p(-11).
-7
Let y(c) = 2*c**2 + 297*c + 1004. Calculate y(-145).
-11
Let s(r) = -2*r**2 + 2*r - 46. What is s(0)?
-46
Let v(g) = 2*g**2 + 125*g + 1016. Give v(-53).
9
Let n(m) = 297*m - 12402. Calculate n(42).
72
Let q(j) = 3*j**3 + 1052*j**2 - 1403*j + 1767. What is q(-352)?
7
Let b(j) = 14*j + 61. Calculate b(-1).
47
Let i(a) = a**2 - 3*a - 6. Calculate i(11).
82
Let y(f) = -21*f + 781. Determine y(39).
-38
Let y(r) = -591*r + 3530. Give y(6).
-16
Let f(z) = 8243*z - 65972. Determine f(8).
-28
Let z(c) = c**2 - 185*c + 5887. What is z(41)?
-17
Let t(m) = 132*m + 27. What is t(-1)?
-105
Let l(c) = -c**2 - 247*c - 12893. What is l(-75)?
7
Let f(i) = 6*i**3 + 8*i**2 + 11*i + 8. What is f(-2)?
-30
Let w(m) = 389*m + 3152. Determine w(-8).
40
Let w(c) = -c**3 + 21*c**2 - 11*c - 14. Give w(20).
166
Let f(a) = -a**3 + 17*a**2 - 33*a + 27. What is f(15)?
-18
Let y(l) = -l**2 - 36*l + 74. Give y(-23).
373
Let r(k) = -k**3 + 25*k**2 + 20*k - 499. Give r(25).
1
Let n(k) = k**3 - 51*k**2 + 94*k + 273. Calculate n(49).
77
Let k(b) = -b**3 + 11*b**2 + 3*b - 183. Determine k(9).
6
Let b(y) = y**3 - 37*y**2 - 50*y + 471. Determine b(38).
15
Let z(k) = 708*k + 3524. Give z(-5).
-16
Let p(a) = a**3 - 7*a**2 - 37*a - 46. Give p(11).
31
Let t(w) = -w**2 + 26*w + 43. Calculate t(29).
-44
Let g(t) = 63*t**2 + 950*t + 71. Calculate g(-15).
-4
Let v(c) = -66*c**2 - 339*c - 121. Give v(-5).
-76
Let b(t) = 3*t**2 - 328*t - 3195. Determine b(-9).
0
Let i(z) = -1617*z + 4848. Give i(3).
-3
Let l(r) = -r**3 - 52*r**2 - 672*r + 2. Determine l(-24).
2
Let x(q) = q**3 - 23*q**2 - 33*q + 217. Determine x(24).
1
Let h(f) = f + 20. Give h(2).
22
Let i(o) = -893*o - 8943. Calculate i(-10).
-13
Let o(a) = a**3 - 86*a**2 + 95*a - 290. What is o(85)?
560
Let t(v) = 21*v**2 - 240*v + 107. Determine t(11).
8
Let x(m) = -2*m**3 - 12*m**2 - 17*m - 2. Calculate x(-5).
33
Let h(q) = q**3 - 19*q**2 + 50*q + 54. Give h(16).
86
Let u(x) = 64*x - 989. Give u(15).
-29
Let s(o) = 2*o**2 - 28*o + 100. Calculate s(7).
2
Let p(y) = -y**3 + 7*y**2 + 36*y - 262. What is p(7)?
-10
Let p(b) = -167*b - 187. Determine p(-1).
-20
Let q(y) = -26*y - 251. Determine q(-7).
-69
Let d(o) = o - 65. Determine d(-28).
-93
Let m(l) = -2*l**3 - 87*l**2 + 40*l - 170. Give m(-44).
6
Let j(l) = 50*l - 701. Calculate j(23).
449
Let a(n) = n**2 - 244*n - 8